19
Suppose 2*p + 3*p = 10. Let d be 6/3 - -4 - p. Suppose 0 = i - 15 - d. List the prime factors of i.
19
Suppose -q + 2 = 3*r - 2*r, -r - 4*q = 4. Suppose -r*d + 209 = -3*d + 5*g, 0 = -d - 4*g + 208. What are the prime factors of d?
2, 3, 17
Suppose 3*j = 7*j. Let g(a) = a**2 - 6*a + 9 + j*a**2 + 4*a - 8. What are the prime factors of g(-3)?
2
Let y(w) = -5*w**3 + 10*w**2 - 3*w. Let a(s) = -s**3 + s**2 + s - 1. Let d(p) = -4*a(p) + y(p). What are the prime factors of d(4)?
2
Let m = 40 - 37. Suppose -5*t = 5*o - 190, m*o - 72 = -t + 36. What are the prime factors of o?
5, 7
Let o(q) = 2*q + q**2 - 3*q - 10 + 0*q**2 + 3*q. List the prime factors of o(5).
5
Suppose 0 = -2*b - 3*g + 53, 2*b - 4*g - g = 45. Suppose -b*c = -28*c + 9. List the prime factors of c.
3
Let p = -488 - -789. Suppose 4*s = 5*r - 138 + 402, 0 = 5*s + r - p. List the prime factors of s.
61
Suppose 4*p + 360 = 10*p. What are the prime factors of p?
2, 3, 5
Suppose 18*r - 62828 - 21808 = 0. List the prime factors of r.
2, 2351
Let v be 6 - 3 - -1*1. Suppose h - g - 13 = -v*g, 0 = 4*g + 16. List the prime factors of h - ((-6)/3 + 5).
2, 11
Suppose 656 = 7*d - 11398. List the prime factors of d.
2, 3, 7, 41
Let q(m) = 10*m + 6. Let y be q(0). List the prime factors of 638/6 - (8/y)/4.
2, 53
Suppose -z = 5*b - 32, b + 2*z - 13 = -3. Let x = 62 - 55. Suppose -k + x = -b. List the prime factors of k.
13
Let i(z) = z + 0 - 4*z - 7. Let l = -22 - -15. List the prime factors of i(l).
2, 7
Suppose 2*z = 5*c + 7327, 20*z - 18300 = 15*z - 5*c. What are the prime factors of z?
7, 523
Suppose u = -5*y - u + 38, -2*y + 28 = 4*u. Let w(p) = p**3 + 3*p**2 + 2*p - 4. Let m(c) = c. Let f(x) = y*m(x) - w(x). What are the prime factors of f(-5)?
2, 17
Let u(d) = 3*d**2 + 15*d + 42. What are the prime factors of u(-14)?
2, 3, 5, 7
Suppose -5*j - 27 = -h, -h + 1 + 2 = 3*j. Suppose -10*g = -h*g + 42. List the prime factors of g.
3, 7
Let l = -39 - -129. What are the prime factors of l?
2, 3, 5
Suppose -68 - 5 = -2*n - 5*b, 3*b - 3 = 0. Suppose 0 = -5*u + m + n, 4*m = -u + 3*m + 2. Suppose -u*j + 55 = -j. List the prime factors of j.
11
Let d(v) = 3*v + 19. Let x be d(-8). What are the prime factors of 10/x + 5 + 79?
2, 41
Let u = -46 - -50. Suppose -u*t = 2*y - 180, -90 = -y - 8*t + 3*t. What are the prime factors of y?
2, 3, 5
Suppose -21*a + 135 = -26*a. Let c = a + 95. What are the prime factors of c?
2, 17
Suppose 10175 = 7*q + 3595. List the prime factors of q.
2, 5, 47
Let q be 1/2 - 69/(-6). List the prime factors of (-4 - -1)/(q/(-128)).
2
Let i be 1/2 - (-987)/14. Suppose -2*f + 169 + i = 0. What are the prime factors of (2/6)/(10/f)?
2
Let d = -51 - -27. List the prime factors of d/(-18) - 1/(3/(-122)).
2, 3, 7
Suppose 3*a = -8 + 20. Suppose 5*k = k - a. What are the prime factors of (-5 + 6)*(3 + k)?
2
Suppose 5*o + 5*y = -30, 0 = o + o - y. Let u be ((-20)/30)/(o/66). Suppose -5*g = -3 - u. List the prime factors of g.
5
Let a(y) be the third derivative of 0 - 1/3*y**3 + 0*y - 1/8*y**4 + 5*y**2 + 9/20*y**5. What are the prime factors of a(-1)?
2, 7
Suppose 0 = 6*x + 33 - 1083. List the prime factors of x.
5, 7
Suppose -4*o = 2*h - 16, -3*h - 6 + 0 = -4*o. What are the prime factors of -179*((-1)/o + 4/(-6))?
179
Suppose -2*l - 321 + 1561 = 0. What are the prime factors of l?
2, 5, 31
Let k(h) = -h**3 - 5*h**2 + 3*h - 3. Let c be k(-7). Let n = c + -46. List the prime factors of n.
2, 7
Suppose -5*u + 38 = -47. Let g = u - 37. List the prime factors of (-2)/(-10) - 296/g.
3, 5
Let s(n) = -n**3 + 10*n**2 - 3*n - 4. Let w(o) = -5*o**3 + 51*o**2 - 14*o - 20. Let g(u) = 11*s(u) - 2*w(u). Let i = -4 + 10. List the prime factors of g(i).
2, 19
Suppose -4*n = -16, -5*d + 0*d + 73 = -3*n. Suppose -22*s + d*s = -65. List the prime factors of 8*1 - (-17 + s).
2, 3
Let h be (-12)/1*261/(-27). Suppose -h = -6*u + 94. List the prime factors of u.
5, 7
Suppose -z + 2208 = -767. Suppose 466 - z = -13*q. What are the prime factors of q?
193
Let p(i) = -i**2 + 3*i - 2. Let f be p(3). Suppose -2*w = 0, 3*w = -3*t + t - 168. List the prime factors of (5/f)/(7/t).
2, 3, 5
Let y(d) be the first derivative of -d**3/3 - 31*d**2/2 - 5*d + 7. What are the prime factors of y(-14)?
233
What are the prime factors of (24/12)/(2/238)?
2, 7, 17
Suppose -6*y = -2*y - 348. Suppose 2*t + 3*x = y, -x = -t + x + 33. What are the prime factors of t?
3, 13
Suppose 1175 = -13*n + 16*n - y, 3*n = -3*y + 1191. List the prime factors of n.
3, 131
Suppose 14*h + 16*h - 34710 = 0. List the prime factors of h.
13, 89
Suppose -21*p - 776 = -22*p. List the prime factors of p.
2, 97
Suppose -2*c - 35 = 3*c. Let w be (-3)/(((-3)/(-3))/c). What are the prime factors of (-7)/((-14)/4) + w?
23
Suppose 4*n - 4*h - 9 = -3*h, 5*h + 9 = 2*n. Suppose -n*m - w + 47 = 0, 4*m - 6*w + 2*w = 76. List the prime factors of m.
2, 11
Let u be (45/(-12) + 4)*20. Suppose -169 = 4*b - u*b. What are the prime factors of b?
13
Let a = -9 + 12. Suppose 43 = a*o - 62. Let i = 76 - o. List the prime factors of i.
41
Let u(m) = 17*m + 1. Let a be u(7). What are the prime factors of -1*(-1)/(-3) + 27640/a?
2, 5, 23
Suppose 3*c - 7*c = l - 6622, 2*c + 4*l - 3304 = 0. What are the prime factors of c?
2, 3, 23
Suppose 0 = 4*m - 2*f - 49 - 9, 0 = 4*f - 12. Let j be (-126)/8*m/6. Let o = -15 - j. What are the prime factors of o?
3
Suppose -q = -5*q + 20. Let a = 11 - q. Suppose a - 38 = -2*m. What are the prime factors of m?
2
List the prime factors of (-231)/22*(-568)/6.
2, 7, 71
Let o be (-6)/(-2)*2/(-3). Let n be -1 - (45 - 3 - o). List the prime factors of (-837)/n + 2/5.
19
Let p(j) = -2*j - 5. Suppose -z + 340 = 3*z. Suppose 12*x - 7*x = -z. List the prime factors of p(x).
29
Let h(s) = s**3 + 3*s**2 + 4*s + 15. What are the prime factors of h(7)?
13, 41
Suppose -5*q + 111 = 2*s, -2*s + 152 - 32 = 2*q. What are the prime factors of s?
3, 7
Let b = -218 - -341. Suppose 4*z - 2*w + 264 = 0, 2*z = 5*w - b - 1. Let o = -48 - z. What are the prime factors of o?
19
Let y(u) = -4*u + 2. Let k be 0 - 5/(10/(-4)). Suppose -22 = k*l + 4*z, 3*l + 47 = -5*z + 19. What are the prime factors of y(l)?
2, 3
Suppose 0 = n - 4*v - 794, -5*n + 4075 = v - 0*v. List the prime factors of n.
2, 11, 37
Let g be -3*(2/15 + 69/45). Let v(s) = 18*s - 4. Let d be v(3). Let k = d - g. List the prime factors of k.
5, 11
Let p = -84 - -118. Let j = p + -2. List the prime factors of j.
2
Suppose 2*h + 3*v - 1101 = 4*v, -v - 1 = 0. What are the prime factors of h?
2, 5, 11
Let u(o) = 76*o - 47. What are the prime factors of u(9)?
7, 13
Let u(v) be the first derivative of -v**2 + 26*v - 6. Let i be u(12). Suppose i*x - 46 = 8. List the prime factors of x.
3
Suppose -2*t = -6*t - r + 76, 0 = -5*r + 20. Let m = t + -24. List the prime factors of (-1)/((4 + m)/62).
31
Suppose 17*j + 16904 = 21*j. List the prime factors of j.
2, 2113
Let v(c) = c**2 - 3*c - 9. Let s(n) = n + 20. Let y be s(-14). List the prime factors of v(y).
3
Suppose -3*n - 5*s = 328 + 116, -3*n + 3*s - 444 = 0. Let u = n - -220. List the prime factors of u.
2, 3
Let q be ((-190)/20)/(2/(-4)). Suppose -4*p + q = -533. What are the prime factors of p?
2, 3, 23
Let b be 5 + (-1 + -4 - -2). Suppose 0 = 5*p - 7*p + b, 87 = m + 5*p. Suppose m = 3*o + 4*l, -4*o - 6*l + 4*l = -106. What are the prime factors of o?
2, 13
Suppose -n = -2*n - 19. Let b = 34 + n. What are the prime factors of b?
3, 5
Suppose 0 - 4 = -4*f, -5*f + 17 = 4*a. Suppose -2*c + 1090 = a*c. List the prime factors of c.
2, 109
Let a be (-2)/4*-2 - 4. Suppose -3*i - 2*q = -0*q + 28, -5*i - 45 = 3*q. Let j = a - i. List the prime factors of j.
3
Let d = -117 + 133. Let x(k) = 10*k. What are the prime factors of x(d)?
2, 5
Let m(r) = -r**3 - 9*r**2 + 8*r + 14. Suppose 2*k - 13 = 1. Suppose -5*v = -k*v - 20. What are the prime factors of m(v)?
2, 17
Let x(b) = 5*b + 40. Let v be x(10). Let m = 5 - 3. Suppose m*i - v = -0*i. List the prime factors of i.
3, 5
Let k(g) = -g**3 - 11*g**2 - 20*g + 15. What are the prime factors of k(-19)?
7, 67
Suppose 5 = 4*m + 3*c - 6, m - 3*c + 1 = 0. Suppose -15 = -5*g + m*g. Suppose g*t - 169 + 4 = 0. What are the prime factors of t?
3, 11
Let p = 212 - -3101. List the prime factors of p.
3313
Suppose 5*h + 30 = 135. Let w = 25 + h